{"id":2231,"date":"2024-06-10T09:29:19","date_gmt":"2024-06-10T09:29:19","guid":{"rendered":"https:\/\/feuerwehrschlieren.ch\/118\/?page_id=2231"},"modified":"2025-07-13T11:16:10","modified_gmt":"2025-07-13T09:16:10","slug":"anmeldung-sommeruebung-gaeste","status":"publish","type":"page","link":"https:\/\/feuerwehrschlieren.ch\/118\/anmeldung-sommeruebung-gaeste\/","title":{"rendered":"Anmeldung Sommer\u00fcbung G\u00e4ste"},"content":{"rendered":"<p><strong>Sommer\u00fcbung Feuerwehr Schlieren<\/strong><br \/>\n<strong>An\/ Abmeldung f\u00fcr G\u00e4ste:<\/strong><\/p>\n<p>Die Anmeldung ist geschlossen.<\/p>\n","protected":false},"excerpt":{"rendered":"<p>Sommer\u00fcbung Feuerwehr Schlieren An\/ Abmeldung f\u00fcr G\u00e4ste: Die Anmeldung ist geschlossen.<\/p>\n","protected":false},"author":1,"featured_media":0,"parent":0,"menu_order":0,"comment_status":"closed","ping_status":"closed","template":"","meta":{"footnotes":""},"class_list":["post-2231","page","type-page","status-publish","hentry"],"_links":{"self":[{"href":"https:\/\/feuerwehrschlieren.ch\/118\/wp-json\/wp\/v2\/pages\/2231","targetHints":{"allow":["GET"]}}],"collection":[{"href":"https:\/\/feuerwehrschlieren.ch\/118\/wp-json\/wp\/v2\/pages"}],"about":[{"href":"https:\/\/feuerwehrschlieren.ch\/118\/wp-json\/wp\/v2\/types\/page"}],"author":[{"embeddable":true,"href":"https:\/\/feuerwehrschlieren.ch\/118\/wp-json\/wp\/v2\/users\/1"}],"replies":[{"embeddable":true,"href":"https:\/\/feuerwehrschlieren.ch\/118\/wp-json\/wp\/v2\/comments?post=2231"}],"version-history":[{"count":5,"href":"https:\/\/feuerwehrschlieren.ch\/118\/wp-json\/wp\/v2\/pages\/2231\/revisions"}],"predecessor-version":[{"id":2945,"href":"https:\/\/feuerwehrschlieren.ch\/118\/wp-json\/wp\/v2\/pages\/2231\/revisions\/2945"}],"wp:attachment":[{"href":"https:\/\/feuerwehrschlieren.ch\/118\/wp-json\/wp\/v2\/media?parent=2231"}],"curies":[{"name":"wp","href":"https:\/\/api.w.org\/{rel}","templated":true}]}}

Anmeldung Sommerübung Gäste

<p><strong>Sommerübung Feuerwehr Schlieren</strong><br />
<strong>An/ Abmeldung für Gäste:</strong></p>
<p>Die Anmeldung ist geschlossen.</p>

<p>Sommerübung Feuerwehr Schlieren An/ Abmeldung für Gäste: Die Anmeldung ist geschlossen.</p>
