{"id":2812,"date":"2025-04-16T07:05:55","date_gmt":"2025-04-16T05:05:55","guid":{"rendered":"https:\/\/feuerwehrschlieren.ch\/118\/?page_id=2812"},"modified":"2026-04-20T21:42:54","modified_gmt":"2026-04-20T19:42:54","slug":"anmeldung-grillplausch","status":"publish","type":"page","link":"https:\/\/feuerwehrschlieren.ch\/118\/anmeldung-grillplausch\/","title":{"rendered":"Anmeldung Grillplausch"},"content":{"rendered":"\r\n<p><strong>Anmeldung Grillplausch<\/strong><strong>:<\/strong><\/p>\r\n\n<div class=\"wpcf7 no-js\" id=\"wpcf7-f2810-o1\" lang=\"de-DE\" dir=\"ltr\" data-wpcf7-id=\"2810\">\n<div class=\"screen-reader-response\"><p role=\"status\" aria-live=\"polite\" aria-atomic=\"true\"><\/p> <ul><\/ul><\/div>\n<form action=\"\/118\/wp-json\/wp\/v2\/pages\/2812#wpcf7-f2810-o1\" method=\"post\" class=\"wpcf7-form init\" aria-label=\"Kontaktformular\" novalidate=\"novalidate\" data-status=\"init\">\n<fieldset class=\"hidden-fields-container\"><input type=\"hidden\" name=\"_wpcf7\" value=\"2810\" \/><input type=\"hidden\" name=\"_wpcf7_version\" value=\"6.1.5\" \/><input type=\"hidden\" name=\"_wpcf7_locale\" value=\"de_DE\" \/><input type=\"hidden\" name=\"_wpcf7_unit_tag\" value=\"wpcf7-f2810-o1\" \/><input type=\"hidden\" name=\"_wpcf7_container_post\" value=\"0\" \/><input type=\"hidden\" name=\"_wpcf7_posted_data_hash\" value=\"\" \/><input type=\"hidden\" name=\"_wpcf7cf_hidden_group_fields\" value=\"[]\" \/><input type=\"hidden\" name=\"_wpcf7cf_hidden_groups\" value=\"[]\" \/><input type=\"hidden\" name=\"_wpcf7cf_visible_groups\" value=\"[]\" \/><input type=\"hidden\" name=\"_wpcf7cf_repeaters\" value=\"[]\" \/><input type=\"hidden\" name=\"_wpcf7cf_steps\" value=\"{}\" \/><input type=\"hidden\" name=\"_wpcf7cf_options\" value=\"{&quot;form_id&quot;:2810,&quot;conditions&quot;:[{&quot;then_field&quot;:&quot;bin_dabei&quot;,&quot;and_rules&quot;:[{&quot;if_field&quot;:&quot;anmeldung&quot;,&quot;operator&quot;:&quot;equals&quot;,&quot;if_value&quot;:&quot;Ich bin dabei&quot;}]}],&quot;settings&quot;:{&quot;animation&quot;:&quot;yes&quot;,&quot;animation_intime&quot;:200,&quot;animation_outtime&quot;:200,&quot;conditions_ui&quot;:&quot;normal&quot;,&quot;notice_dismissed&quot;:false,&quot;notice_dismissed_rollback-cf7-5.8&quot;:true,&quot;notice_dismissed_rollback-cf7-5.8.3&quot;:true,&quot;notice_dismissed_rollback-cf7-5.8.5&quot;:true,&quot;notice_dismissed_rollback-cf7-5.9.3&quot;:true}}\" \/>\n<\/fieldset>\n<div class=\"wpcf7-turnstile cf-turnstile\" data-sitekey=\"0x4AAAAAAB4xvov7wuYdd6Nq\" data-response-field-name=\"_wpcf7_turnstile_response\"><\/div>\n\n<p><label> Name \/ Vorname:<br \/>\n<span class=\"wpcf7-form-control-wrap\" data-name=\"anmeldungname\"><input size=\"40\" maxlength=\"400\" class=\"wpcf7-form-control wpcf7-text wpcf7-validates-as-required\" aria-required=\"true\" aria-invalid=\"false\" value=\"\" type=\"text\" name=\"anmeldungname\" \/><\/span><br \/>\nE-Mail Adresse:<br \/>\n(ben\u00f6tigt f\u00fcr die E-Mail-Best\u00e4tigung der An\/ Abmeldung)<br \/>\n<span class=\"wpcf7-form-control-wrap\" data-name=\"email\"><input size=\"40\" maxlength=\"400\" class=\"wpcf7-form-control wpcf7-email wpcf7-validates-as-required wpcf7-text wpcf7-validates-as-email\" aria-required=\"true\" aria-invalid=\"false\" value=\"\" type=\"email\" name=\"email\" \/><\/span><br \/>\nAnmeldung:<br \/>\n<span class=\"wpcf7-form-control-wrap\" data-name=\"anmeldung\"><select class=\"wpcf7-form-control wpcf7-select wpcf7-validates-as-required\" aria-required=\"true\" aria-invalid=\"false\" name=\"anmeldung\"><option value=\"\">-- Anmeldung --<\/option><option value=\"Ich bin dabei\">Ich bin dabei<\/option><option value=\"Ich kann leider nicht dabei sein\">Ich kann leider nicht dabei sein<\/option><\/select><\/span><br \/>\n<\/label>\n<\/p>\n<div data-id=\"bin_dabei\" data-orig_data_id=\"bin_dabei\"  class=\"\" data-class=\"wpcf7cf_group\">\n\t<p>Anzahl Erwachsene:<br \/>\n<span class=\"wpcf7-form-control-wrap\" data-name=\"anzahl_erwachsene\"><input class=\"wpcf7-form-control wpcf7-number wpcf7-validates-as-required wpcf7-validates-as-number\" aria-required=\"true\" aria-invalid=\"false\" value=\"1\" type=\"number\" name=\"anzahl_erwachsene\" \/><\/span>\n\t<\/p>\n\t<p>Anzahl Kinder:<br \/>\n<span class=\"wpcf7-form-control-wrap\" data-name=\"anzahl_kinder\"><input class=\"wpcf7-form-control wpcf7-number wpcf7-validates-as-required wpcf7-validates-as-number\" aria-required=\"true\" aria-invalid=\"false\" value=\"0\" type=\"number\" name=\"anzahl_kinder\" \/><\/span>\n\t<\/p>\n\t<p>Ich bringe ein Dessert oder Salat mit (bitte eintragen):<br \/>\n<span class=\"wpcf7-form-control-wrap\" data-name=\"dessert\"><input size=\"40\" maxlength=\"400\" class=\"wpcf7-form-control wpcf7-text\" aria-invalid=\"false\" value=\"\" type=\"text\" name=\"dessert\" \/><\/span>\n\t<\/p>\n\t<p>Ich helfe am Ende der Veranstaltung beim Aufr\u00e4umen und beim Abwaschen mit:<br \/>\n<span class=\"wpcf7-form-control-wrap\" data-name=\"aufraeumen\"><span class=\"wpcf7-form-control wpcf7-radio\"><span class=\"wpcf7-list-item first\"><label><input type=\"radio\" name=\"aufraeumen\" value=\"Ja\" checked=\"checked\" \/><span class=\"wpcf7-list-item-label\">Ja<\/span><\/label><\/span><span class=\"wpcf7-list-item last\"><label><input type=\"radio\" name=\"aufraeumen\" value=\"Nein\" \/><span class=\"wpcf7-list-item-label\">Nein<\/span><\/label><\/span><\/span><\/span><br \/>\nWir sind auf Eure Unterst\u00fctzung angewiesen und bedanken uns bei allen Helfern!\n\t<\/p>\n<\/div>\n<p><input class=\"wpcf7-form-control wpcf7-submit has-spinner\" type=\"submit\" value=\"Senden\" \/>\n<\/p>\n<p>Dieses Formular verwendet Akismet, um Spam zu reduzieren. <a target=\"_blank\" rel=\"nofollow noopener\" href=\"https:\/\/akismet.com\/privacy\/\">Erfahre, wie deine Daten verarbeitet werden.<\/a>\n<\/p><p style=\"display: none !important;\" class=\"akismet-fields-container\" data-prefix=\"_wpcf7_ak_\"><label>&#916;<textarea name=\"_wpcf7_ak_hp_textarea\" cols=\"45\" rows=\"8\" maxlength=\"100\"><\/textarea><\/label><input type=\"hidden\" id=\"ak_js_1\" name=\"_wpcf7_ak_js\" value=\"172\"\/><script>document.getElementById( \"ak_js_1\" ).setAttribute( \"value\", ( new Date() ).getTime() );<\/script><\/p><div class=\"wpcf7-response-output\" aria-hidden=\"true\"><\/div>\n<\/form>\n<\/div>\n\r\n","protected":false},"excerpt":{"rendered":"<p>Anmeldung Grillplausch:<\/p>\n","protected":false},"author":1,"featured_media":0,"parent":0,"menu_order":0,"comment_status":"closed","ping_status":"closed","template":"","meta":{"footnotes":""},"class_list":["post-2812","page","type-page","status-publish","hentry"],"_links":{"self":[{"href":"https:\/\/feuerwehrschlieren.ch\/118\/wp-json\/wp\/v2\/pages\/2812","targetHints":{"allow":["GET"]}}],"collection":[{"href":"https:\/\/feuerwehrschlieren.ch\/118\/wp-json\/wp\/v2\/pages"}],"about":[{"href":"https:\/\/feuerwehrschlieren.ch\/118\/wp-json\/wp\/v2\/types\/page"}],"author":[{"embeddable":true,"href":"https:\/\/feuerwehrschlieren.ch\/118\/wp-json\/wp\/v2\/users\/1"}],"replies":[{"embeddable":true,"href":"https:\/\/feuerwehrschlieren.ch\/118\/wp-json\/wp\/v2\/comments?post=2812"}],"version-history":[{"count":8,"href":"https:\/\/feuerwehrschlieren.ch\/118\/wp-json\/wp\/v2\/pages\/2812\/revisions"}],"predecessor-version":[{"id":3389,"href":"https:\/\/feuerwehrschlieren.ch\/118\/wp-json\/wp\/v2\/pages\/2812\/revisions\/3389"}],"wp:attachment":[{"href":"https:\/\/feuerwehrschlieren.ch\/118\/wp-json\/wp\/v2\/media?parent=2812"}],"curies":[{"name":"wp","href":"https:\/\/api.w.org\/{rel}","templated":true}]}}