{"id":60,"date":"2019-05-12T08:02:52","date_gmt":"2019-05-12T08:02:52","guid":{"rendered":"https:\/\/feuerwehrschlieren.ch\/118\/?page_id=60"},"modified":"2024-08-28T18:26:04","modified_gmt":"2024-08-28T18:26:04","slug":"ueber-uns","status":"publish","type":"page","link":"https:\/\/feuerwehrschlieren.ch\/118\/ueber-uns\/","title":{"rendered":"\u00dcber uns"},"content":{"rendered":"<p><a href=\"https:\/\/feuerwehrschlieren.ch\/118\/wp-content\/uploads\/2024\/08\/DJI_0580-scaled.jpg\"><img loading=\"lazy\" decoding=\"async\" class=\"alignnone wp-image-2420 size-large\" src=\"https:\/\/feuerwehrschlieren.ch\/118\/wp-content\/uploads\/2024\/08\/DJI_0580-1024x682.jpg\" alt=\"\" width=\"525\" height=\"350\" srcset=\"https:\/\/feuerwehrschlieren.ch\/118\/wp-content\/uploads\/2024\/08\/DJI_0580-1024x682.jpg 1024w, https:\/\/feuerwehrschlieren.ch\/118\/wp-content\/uploads\/2024\/08\/DJI_0580-300x200.jpg 300w, https:\/\/feuerwehrschlieren.ch\/118\/wp-content\/uploads\/2024\/08\/DJI_0580-768x512.jpg 768w\" sizes=\"auto, (max-width: 525px) 100vw, 525px\" \/><\/a><\/p>\n<p><strong>Geschichte<br \/>\n<\/strong><br \/>\n<strong>Jahr 2000 &#8211; Heute<\/strong><br \/>\n<strong>2004<\/strong><br \/>\n30. Juni Aufschaltung der offiziellen Homepage der Feuerwehr Schlieren.<\/p>\n<p><strong>2004<\/strong><br \/>\nUmbau und Bezug des unteren Stockwerkes ex Gas- Wasserversorgung Schlieren<\/p>\n<p><strong>2002<\/strong><br \/>\nwird die Elektrikergruppe aufgel\u00f6st, da ein neues Einsatzkonzept der Geb\u00e4udeversicherung dies vorschreibt.<\/p>\n<p><strong>Jahr 1900 &#8211; 1999<\/strong><br \/>\n<strong> 1993<\/strong><br \/>\nAb 1. Januar wird die Feuerwehr in folgende Formationen unterteilt. Pikettz\u00fcge 1, 2, 3, 4 Kompaniezug Elektrikergruppe, Sanit\u00e4tsgruppe, Verkehrsgruppe<\/p>\n<p><strong>1992<\/strong><br \/>\nMit dem Feuerwehrkonzept 2000 entfallen die R\u00e4nge Ober-, Kompanie- und Pikettkommandant. Neu gibt es einen Kommandanten der Feuerwehr im Grade eines Hauptmanns.<\/p>\n<p><strong>1968<\/strong><br \/>\nDer Pikettdienst wird neu organisiert und 1969 das Reglement durch Gemeinde- und Regierungsrat genehmigt.<\/p>\n<p><strong>1967<\/strong><br \/>\nDie Feuerwehr Schlieren wird als zust\u00e4ndige Oelwehrorganisation bestimmt.<\/p>\n<p><strong>1965<\/strong><br \/>\nDie Geb\u00e4udeversicherung teilt mit, dass sie mit der Anschaffung eines Staubl\u00f6schfahrzeuges einverstanden sei, unter der Bedingung, dass ein eigentliches Pikett geschaffen wird. Aus finanziellen Ueberlegungen ist die Feuerwehr-Kommission nicht begeistert.<\/p>\n<p><strong>1944<\/strong><br \/>\nIn Ber\u00fccksichtigung der angeschafften Motorspritze ergibt sich f\u00fcr die Gesamtfeuerwehr folgende neue Aufteilung.<br \/>\nAbteilung l<br \/>\nHydrantenz\u00fcge l + ll + Motorspritze<br \/>\nAbteilung ll<br \/>\nHydrantenz\u00fcge lll + lV + Rettungskorps<\/p>\n<p>Die Mannschaft der Motorspritze umfasst<br \/>\n1 Offizier<br \/>\n1 Ger\u00e4tef\u00fchrer<br \/>\n1 Stellvertreter<br \/>\n1 Maschinist<\/p>\n<p><strong>1940<\/strong><br \/>\nDank der Anschaffung eines Pikett- (Hand)wagens kann die Anzahl der Hydrantenz\u00fcge auf vier reduziert werden.<\/p>\n<p><strong>1939<\/strong><br \/>\nAm 28. August wurde die Luftschutzkompanie mobilisiert und am 2 September die Generalmobilmachung der Schweizer Arme angeordnet. Rund 600 M\u00e4nner aus Schlieren mussten sich an ihren Einr\u00fcckungsort begeben. Um die Einsatzbereitschaft zu gew\u00e4rleisten zog man M\u00e4nner aus der Luftschutzkompanie bei.<\/p>\n<p><strong>1930<\/strong><br \/>\nDurch das Entstehen neuer Quartiere an der Peripherie von Schlieren wurde eine eine erneute Umgruppierung der Feuerwehr auf Fr\u00fchjahr notwendig. Das neue Reservoir &#8222;L\u00e4nzel&#8220; und der Ausbau des Hydrantensystem erm\u00f6glichten dies. Auf diesen Zeitpunkt wurden je ein Schlauchwagendepot an der Engstringerstrasse und an der Z\u00fcrcherstrasse erstellt und das Spritzenkorps in zwei Hydrantenz\u00fcge aufgeteilt. Von nun an standen sechs Hydrantenz\u00fcge zur Verf\u00fcgung. Die Feuerwehrspritze blieb Reserve. Der Baukorps wurde aufgehoben. Gleichzeitig bildete man einen Pikettzug, um bei kleinen Brandf\u00e4llen nicht mit der ganzen Feuerwehr ausr\u00fccken zu m\u00fcssen.<\/p>\n<p><strong>1922<\/strong><br \/>\nwird die Feuerwehr in zwei L\u00f6schz\u00fcge unterteilt<\/p>\n<p><strong>1901<\/strong><br \/>\nInitiative Feuerwehr-Kommandanten gr\u00fcnden am 3. Februar den Feuerwehrverband Limmattal. Am 14. April findet in Schlieren die erste Delegiertenversammlung statt. (1907 wird der Verband zu Gunsten des am 25. November 1906 gegr\u00fcndeten Feuerwehr-Verband des Bezirks Z\u00fcrich aufgel\u00f6st)<\/p>\n<p><strong>Jahr 1800 &#8211; 1899<\/strong><br \/>\n<strong> 1899<\/strong><br \/>\nam 3. Dezember genehmigt die Gemeinderversammlung die Feuerwehrverordnung. Sie bildet die Grundlage zur Organisation der Feuerwehr. Es wird folgende Einteilung vorgenommen.<br \/>\nSpritzenkorps: 41 Mann<br \/>\nHydrantenkorps: 20 Mann<br \/>\nLeiternkorps: 9 Mann<br \/>\nWachtkorps: 16 Mann<br \/>\nBaukorps: 10 Mann<br \/>\nAlarmierung: 2 Mann<\/p>\n<p>Der Sigrist wird als Verantwortlicher f\u00fcr den Alarm mittels der Kirchenglocken ebenfalls eingeteilt.<\/p>\n<p>Seit dem 16. Juni ist die Feuerwehr Schlieren als Sektion Nr. 1131 Mitglied des Schweizerischen Feuerwehrvereins und seiner Hilfskasse.<\/p>\n<p><strong>1896<\/strong><br \/>\nZur Haupt\u00fcbung vom 3. Oktober sind aufgeboten:<br \/>\ndas Hydrantenkorps<br \/>\ndas Leiternkorps<br \/>\ndas Wachtkorps<br \/>\ndas Pikettspritzenkorps<br \/>\ndas Rettungskorps<br \/>\nund das Hakenkorps<\/p>\n<p><strong>1894<\/strong><br \/>\nAm 27. Oktober findet f\u00fcr die Mannschaft der Pikettspritze eine Uebung statt. Von 40 Mann sind 38 anwesend. Die zentrale Wasserversorgung mit Hydrantenanlage nimmt ihren Betrieb auf.<\/p>\n<p><strong>1893<\/strong><br \/>\nDie Mannschaft wird mit der Pikettspritze zur Hilfeleistung nach Urdorf aufgeboten.<\/p>\n<p><strong>1891<\/strong><br \/>\nDer Gemeinderat w\u00e4hlt die Mannschaft f\u00fcr die Pikettspritze (von 1873) und die Reservespritze (von 1751)<\/p>\n<p><strong>1873<\/strong><br \/>\nErstmals wird eine Feuerspritzen-Kommision erw\u00e4hnt, die sich mit dem Kauf einer neuen Spritze befasst.<\/p>\n<p><strong>1845<\/strong><br \/>\nAn der Ecke Heingasse und Dorfstrasse (Heute S\u00e4ge-\/ Freiestrasse) wird ein Spritzenhaus als Backsteinbau erstellt.<\/p>\n<p><strong>Jahr 1700 &#8211; 1799<\/strong><br \/>\n<strong> 1751<\/strong><br \/>\nDie Gemeinde erwirbt eine fahrbare Feuerspritze, die bis 1845 in einem Anbau der Zehntenscheune untergebracht wird.<\/p>\n","protected":false},"excerpt":{"rendered":"<p>Geschichte Jahr 2000 &#8211; Heute 2004 30. Juni Aufschaltung der offiziellen Homepage der Feuerwehr Schlieren. 2004 Umbau und Bezug des unteren Stockwerkes ex Gas- Wasserversorgung Schlieren 2002 wird die Elektrikergruppe aufgel\u00f6st, da ein neues Einsatzkonzept der Geb\u00e4udeversicherung dies vorschreibt. Jahr 1900 &#8211; 1999 1993 Ab 1. Januar wird die Feuerwehr in folgende Formationen unterteilt. Pikettz\u00fcge &hellip; <\/p>\n<p class=\"link-more\"><a href=\"https:\/\/feuerwehrschlieren.ch\/118\/ueber-uns\/\" class=\"more-link\"><span class=\"screen-reader-text\">\u201e\u00dcber uns\u201c <\/span>weiterlesen<\/a><\/p>\n","protected":false},"author":1,"featured_media":0,"parent":0,"menu_order":0,"comment_status":"closed","ping_status":"closed","template":"","meta":{"footnotes":""},"class_list":["post-60","page","type-page","status-publish","hentry"],"_links":{"self":[{"href":"https:\/\/feuerwehrschlieren.ch\/118\/wp-json\/wp\/v2\/pages\/60","targetHints":{"allow":["GET"]}}],"collection":[{"href":"https:\/\/feuerwehrschlieren.ch\/118\/wp-json\/wp\/v2\/pages"}],"about":[{"href":"https:\/\/feuerwehrschlieren.ch\/118\/wp-json\/wp\/v2\/types\/page"}],"author":[{"embeddable":true,"href":"https:\/\/feuerwehrschlieren.ch\/118\/wp-json\/wp\/v2\/users\/1"}],"replies":[{"embeddable":true,"href":"https:\/\/feuerwehrschlieren.ch\/118\/wp-json\/wp\/v2\/comments?post=60"}],"version-history":[{"count":11,"href":"https:\/\/feuerwehrschlieren.ch\/118\/wp-json\/wp\/v2\/pages\/60\/revisions"}],"predecessor-version":[{"id":417,"href":"https:\/\/feuerwehrschlieren.ch\/118\/wp-json\/wp\/v2\/pages\/60\/revisions\/417"}],"wp:attachment":[{"href":"https:\/\/feuerwehrschlieren.ch\/118\/wp-json\/wp\/v2\/media?parent=60"}],"curies":[{"name":"wp","href":"https:\/\/api.w.org\/{rel}","templated":true}]}}