{"id":66,"date":"2019-05-12T08:03:21","date_gmt":"2019-05-12T08:03:21","guid":{"rendered":"https:\/\/feuerwehrschlieren.ch\/118\/?page_id=66"},"modified":"2019-12-22T09:21:29","modified_gmt":"2019-12-22T09:21:29","slug":"rekrutierung","status":"publish","type":"page","link":"https:\/\/feuerwehrschlieren.ch\/118\/rekrutierung\/","title":{"rendered":"Rekrutierung"},"content":{"rendered":"<p>Wir suchen zuverl\u00e4ssige und einsatzfreudige<br \/>\n<strong>FEUERWEHRM\u00c4NNER\/ FEUERWEHRFRAUEN<\/strong><br \/>\n(als Freizeitbesch\u00e4ftigung)<\/p>\n<p>Ihre Hauptaufgaben umfassen:<br \/>\n\u2212 Retten von Mensch und Tier<br \/>\n\u2212 Halten von Umwelt und Sachwerten<br \/>\n\u2212 Beheben, l\u00f6schen und r\u00e4umen im Ereignissfall<\/p>\n<p>Voraussetzungen an Sie:<br \/>\n\u2212 Einwohnerinnen und Einwohner der Stadt Schlieren<br \/>\n\u2212 Beherrschen der deutschen Sprache (m\u00fcndlich und schriftlich)<br \/>\n\u2212 Aufgestellte Personen im Alter von 18 \u2013 43 Jahren\u2212 Gute Gesundheit<br \/>\n\u2212 Einsatzwille und Anpassungsf\u00e4higkeit<br \/>\n\u2212 Aktiven \u00dcbungsbesuch<br \/>\n\u2212 Einsatzbereitschaft bei Schadenereignissen<br \/>\n\u2212 Bereitschaft f\u00fcr Kurse<\/p>\n<p>Wir bieten Ihnen:<br \/>\n\u2212 Praxisbezogene Ausbildung<br \/>\n\u2212 Professionelle Ausr\u00fcstung<br \/>\n\u2212 Hohes Ansehen in der Bev\u00f6lkerung<br \/>\n\u2212 Bei Eignung Ausbildung f\u00fcr Kaderfunktionen<br \/>\n\u2212 Erleben und meistern von Eins\u00e4tzen bei Br\u00e4nden, anderen Schadenereignissen und Hilfeleistungen<br \/>\n\u2212 Gute Entsch\u00e4digung f\u00fcr \u00dcbungen, Eins\u00e4tze und Kurse<br \/>\n\u2212 Pflege der Kameradschaft<\/p>\n<p>Sind Sie interessiert?<br \/>\nDann melden Sie sich gleich an <a href=\"https:\/\/feuerwehrschlieren.ch\/118\/rekrutierung\/online-anmeldung\/\">online<\/a> an<br \/>\noder unter Tel. 044 730 30 00<\/p>\n<p><strong><a href=\"https:\/\/feuerwehrschlieren.ch\/118\/wp-content\/uploads\/2019\/05\/Rekrutierung_2017_06.pdf\">Flyer Rekrutierung<\/a><\/strong><\/p>\n","protected":false},"excerpt":{"rendered":"<p>Wir suchen zuverl\u00e4ssige und einsatzfreudige FEUERWEHRM\u00c4NNER\/ FEUERWEHRFRAUEN (als Freizeitbesch\u00e4ftigung) Ihre Hauptaufgaben umfassen: \u2212 Retten von Mensch und Tier \u2212 Halten von Umwelt und Sachwerten \u2212 Beheben, l\u00f6schen und r\u00e4umen im Ereignissfall Voraussetzungen an Sie: \u2212 Einwohnerinnen und Einwohner der Stadt Schlieren \u2212 Beherrschen der deutschen Sprache (m\u00fcndlich und schriftlich) \u2212 Aufgestellte Personen im Alter von &hellip; <\/p>\n<p class=\"link-more\"><a href=\"https:\/\/feuerwehrschlieren.ch\/118\/rekrutierung\/\" class=\"more-link\"><span class=\"screen-reader-text\">\u201eRekrutierung\u201c <\/span>weiterlesen<\/a><\/p>\n","protected":false},"author":1,"featured_media":0,"parent":0,"menu_order":0,"comment_status":"closed","ping_status":"closed","template":"","meta":{"footnotes":""},"class_list":["post-66","page","type-page","status-publish","hentry"],"_links":{"self":[{"href":"https:\/\/feuerwehrschlieren.ch\/118\/wp-json\/wp\/v2\/pages\/66","targetHints":{"allow":["GET"]}}],"collection":[{"href":"https:\/\/feuerwehrschlieren.ch\/118\/wp-json\/wp\/v2\/pages"}],"about":[{"href":"https:\/\/feuerwehrschlieren.ch\/118\/wp-json\/wp\/v2\/types\/page"}],"author":[{"embeddable":true,"href":"https:\/\/feuerwehrschlieren.ch\/118\/wp-json\/wp\/v2\/users\/1"}],"replies":[{"embeddable":true,"href":"https:\/\/feuerwehrschlieren.ch\/118\/wp-json\/wp\/v2\/comments?post=66"}],"version-history":[{"count":6,"href":"https:\/\/feuerwehrschlieren.ch\/118\/wp-json\/wp\/v2\/pages\/66\/revisions"}],"predecessor-version":[{"id":108,"href":"https:\/\/feuerwehrschlieren.ch\/118\/wp-json\/wp\/v2\/pages\/66\/revisions\/108"}],"wp:attachment":[{"href":"https:\/\/feuerwehrschlieren.ch\/118\/wp-json\/wp\/v2\/media?parent=66"}],"curies":[{"name":"wp","href":"https:\/\/api.w.org\/{rel}","templated":true}]}}